{"id":2,"date":"2024-03-17T10:59:06","date_gmt":"2024-03-17T09:59:06","guid":{"rendered":"https:\/\/www.jbrel94.fr\/ciel\/?page_id=2"},"modified":"2024-11-20T18:51:02","modified_gmt":"2024-11-20T17:51:02","slug":"page-d-exemple","status":"publish","type":"page","link":"https:\/\/www.jbrel94.fr\/ciel\/","title":{"rendered":"Les fili\u00e8res CIEL"},"content":{"rendered":"\n<p class=\"has-text-align-left\">Le Bac Pro CIEL (Cybers\u00e9curit\u00e9, Informatique et r\u00e9seaux, \u00c9lectronique) est une r\u00e9volution dans l&rsquo;\u00e9ducation technique fran\u00e7aise. Con\u00e7u pour r\u00e9pondre aux d\u00e9fis de l&rsquo;\u00e8re num\u00e9rique, ce dipl\u00f4me de niveau 4 forme les techniciens de demain, capables d&rsquo;intervenir dans la r\u00e9alisation et la maintenance de produits \u00e9lectroniques, la mise en \u0153uvre de r\u00e9seaux informatiques, et la valorisation de la donn\u00e9e tout en int\u00e9grant les enjeux cruciaux de la cybers\u00e9curit\u00e9. <\/p>\n\n\n\n<figure class=\"wp-block-image size-large is-resized\"><a href=\"https:\/\/www.jbrel94.fr\/ciel\/wp-content\/uploads\/2024\/03\/2.png\"><img loading=\"lazy\" decoding=\"async\" width=\"1024\" height=\"724\" src=\"https:\/\/www.jbrel94.fr\/ciel\/wp-content\/uploads\/2024\/03\/2-1024x724.png\" alt=\"\" class=\"wp-image-110\" style=\"width:840px;height:auto\" srcset=\"https:\/\/www.jbrel94.fr\/ciel\/wp-content\/uploads\/2024\/03\/2-1024x724.png 1024w, https:\/\/www.jbrel94.fr\/ciel\/wp-content\/uploads\/2024\/03\/2-300x212.png 300w, https:\/\/www.jbrel94.fr\/ciel\/wp-content\/uploads\/2024\/03\/2-768x543.png 768w, https:\/\/www.jbrel94.fr\/ciel\/wp-content\/uploads\/2024\/03\/2-1536x1086.png 1536w, https:\/\/www.jbrel94.fr\/ciel\/wp-content\/uploads\/2024\/03\/2.png 2000w\" sizes=\"auto, (max-width: 1024px) 100vw, 1024px\" \/><\/a><\/figure>\n\n\n\n<figure class=\"wp-block-image size-full\"><img loading=\"lazy\" decoding=\"async\" width=\"930\" height=\"446\" src=\"https:\/\/www.jbrel94.fr\/ciel\/wp-content\/uploads\/2024\/11\/image.png\" alt=\"\" class=\"wp-image-398\" srcset=\"https:\/\/www.jbrel94.fr\/ciel\/wp-content\/uploads\/2024\/11\/image.png 930w, https:\/\/www.jbrel94.fr\/ciel\/wp-content\/uploads\/2024\/11\/image-300x144.png 300w, https:\/\/www.jbrel94.fr\/ciel\/wp-content\/uploads\/2024\/11\/image-768x368.png 768w\" sizes=\"auto, (max-width: 930px) 100vw, 930px\" \/><\/figure>\n\n\n\n<figure class=\"wp-block-image size-full\"><img loading=\"lazy\" decoding=\"async\" width=\"930\" height=\"327\" src=\"https:\/\/www.jbrel94.fr\/ciel\/wp-content\/uploads\/2024\/11\/image-1.png\" alt=\"\" class=\"wp-image-400\" srcset=\"https:\/\/www.jbrel94.fr\/ciel\/wp-content\/uploads\/2024\/11\/image-1.png 930w, https:\/\/www.jbrel94.fr\/ciel\/wp-content\/uploads\/2024\/11\/image-1-300x105.png 300w, https:\/\/www.jbrel94.fr\/ciel\/wp-content\/uploads\/2024\/11\/image-1-768x270.png 768w\" sizes=\"auto, (max-width: 930px) 100vw, 930px\" \/><\/figure>\n\n\n\n<figure class=\"wp-block-image size-full\"><img loading=\"lazy\" decoding=\"async\" width=\"927\" height=\"730\" src=\"https:\/\/www.jbrel94.fr\/ciel\/wp-content\/uploads\/2024\/11\/image-2.png\" alt=\"\" class=\"wp-image-401\" srcset=\"https:\/\/www.jbrel94.fr\/ciel\/wp-content\/uploads\/2024\/11\/image-2.png 927w, https:\/\/www.jbrel94.fr\/ciel\/wp-content\/uploads\/2024\/11\/image-2-300x236.png 300w, https:\/\/www.jbrel94.fr\/ciel\/wp-content\/uploads\/2024\/11\/image-2-768x605.png 768w\" sizes=\"auto, (max-width: 927px) 100vw, 927px\" \/><\/figure>\n\n\n\n<figure class=\"wp-block-image size-full\"><img loading=\"lazy\" decoding=\"async\" width=\"928\" height=\"525\" src=\"https:\/\/www.jbrel94.fr\/ciel\/wp-content\/uploads\/2024\/11\/image-3.png\" alt=\"\" class=\"wp-image-402\" srcset=\"https:\/\/www.jbrel94.fr\/ciel\/wp-content\/uploads\/2024\/11\/image-3.png 928w, https:\/\/www.jbrel94.fr\/ciel\/wp-content\/uploads\/2024\/11\/image-3-300x170.png 300w, https:\/\/www.jbrel94.fr\/ciel\/wp-content\/uploads\/2024\/11\/image-3-768x434.png 768w\" sizes=\"auto, (max-width: 928px) 100vw, 928px\" \/><\/figure>\n\n\n\n<figure class=\"wp-block-image size-large\"><img loading=\"lazy\" decoding=\"async\" width=\"1024\" height=\"548\" src=\"https:\/\/www.jbrel94.fr\/ciel\/wp-content\/uploads\/2024\/03\/Espaces-1024x548.png\" alt=\"\" class=\"wp-image-10\" srcset=\"https:\/\/www.jbrel94.fr\/ciel\/wp-content\/uploads\/2024\/03\/Espaces-1024x548.png 1024w, https:\/\/www.jbrel94.fr\/ciel\/wp-content\/uploads\/2024\/03\/Espaces-300x161.png 300w, https:\/\/www.jbrel94.fr\/ciel\/wp-content\/uploads\/2024\/03\/Espaces-768x411.png 768w, https:\/\/www.jbrel94.fr\/ciel\/wp-content\/uploads\/2024\/03\/Espaces-1536x823.png 1536w, https:\/\/www.jbrel94.fr\/ciel\/wp-content\/uploads\/2024\/03\/Espaces.png 1600w\" sizes=\"auto, (max-width: 1024px) 100vw, 1024px\" \/><\/figure>\n\n\n\n<figure class=\"wp-block-image size-large\"><img loading=\"lazy\" decoding=\"async\" width=\"1024\" height=\"652\" src=\"https:\/\/www.jbrel94.fr\/ciel\/wp-content\/uploads\/2024\/03\/Espaces2-1024x652.png\" alt=\"\" class=\"wp-image-11\" srcset=\"https:\/\/www.jbrel94.fr\/ciel\/wp-content\/uploads\/2024\/03\/Espaces2-1024x652.png 1024w, https:\/\/www.jbrel94.fr\/ciel\/wp-content\/uploads\/2024\/03\/Espaces2-300x191.png 300w, https:\/\/www.jbrel94.fr\/ciel\/wp-content\/uploads\/2024\/03\/Espaces2-768x489.png 768w, https:\/\/www.jbrel94.fr\/ciel\/wp-content\/uploads\/2024\/03\/Espaces2.png 1535w\" sizes=\"auto, (max-width: 1024px) 100vw, 1024px\" \/><\/figure>\n","protected":false},"excerpt":{"rendered":"<p class=\"text-justify mb-2\" >Le Bac Pro CIEL (Cybers\u00e9curit\u00e9, Informatique et r\u00e9seaux, \u00c9lectronique) est une r\u00e9volution dans l&rsquo;\u00e9ducation technique fran\u00e7aise. Con\u00e7u pour r\u00e9pondre aux d\u00e9fis de l&rsquo;\u00e8re num\u00e9rique, ce dipl\u00f4me de niveau 4 forme les techniciens de demain, capables d&rsquo;intervenir dans la r\u00e9alisation et la maintenance de produits \u00e9lectroniques, [&hellip;]<\/p>\n","protected":false},"author":1,"featured_media":0,"parent":0,"menu_order":0,"comment_status":"closed","ping_status":"open","template":"","meta":{"footnotes":""},"class_list":["post-2","page","type-page","status-publish","hentry"],"_links":{"self":[{"href":"https:\/\/www.jbrel94.fr\/ciel\/wp-json\/wp\/v2\/pages\/2","targetHints":{"allow":["GET"]}}],"collection":[{"href":"https:\/\/www.jbrel94.fr\/ciel\/wp-json\/wp\/v2\/pages"}],"about":[{"href":"https:\/\/www.jbrel94.fr\/ciel\/wp-json\/wp\/v2\/types\/page"}],"author":[{"embeddable":true,"href":"https:\/\/www.jbrel94.fr\/ciel\/wp-json\/wp\/v2\/users\/1"}],"replies":[{"embeddable":true,"href":"https:\/\/www.jbrel94.fr\/ciel\/wp-json\/wp\/v2\/comments?post=2"}],"version-history":[{"count":16,"href":"https:\/\/www.jbrel94.fr\/ciel\/wp-json\/wp\/v2\/pages\/2\/revisions"}],"predecessor-version":[{"id":403,"href":"https:\/\/www.jbrel94.fr\/ciel\/wp-json\/wp\/v2\/pages\/2\/revisions\/403"}],"wp:attachment":[{"href":"https:\/\/www.jbrel94.fr\/ciel\/wp-json\/wp\/v2\/media?parent=2"}],"curies":[{"name":"wp","href":"https:\/\/api.w.org\/{rel}","templated":true}]}}