{"id":266,"date":"2021-01-26T21:32:29","date_gmt":"2021-01-26T20:32:29","guid":{"rendered":"http:\/\/localhost\/jbrel94\/?page_id=266"},"modified":"2021-01-26T21:48:08","modified_gmt":"2021-01-26T20:48:08","slug":"prestations","status":"publish","type":"page","link":"https:\/\/www.jbrel94.fr\/old\/prestations\/","title":{"rendered":"Prestations"},"content":{"rendered":"\n<p>Le lyc\u00e9e J. Brel, \u00e0 la fois lyc\u00e9e d&rsquo;enseignement professionnel et lyc\u00e9e des m\u00e9tiers, sert des prestations \u00e0 toute personne souhaitant faire appel \u00e0 ses comp\u00e9tences techniques pour divers travaux et projets. Le cadre est d&rsquo;abord d&rsquo;ordre p\u00e9dagogique et implique la faisabilit\u00e9 technique pour des \u00e9l\u00e8ves en formation ainsi que le respect du temps d&rsquo;intervention pour la r\u00e9alisation des travaux.<\/p>\n\n\n\n<h3 class=\"wp-block-heading\">Vous avez un projet dans l&rsquo;un de nos secteurs de formation &#8230;<\/h3>\n\n\n\n<ul class=\"wp-block-list\"><li>la m\u00e9canique et maintenance des motocycles ;<\/li><li>le bois : menuiserie, \u00e9b\u00e9nisterie, restauration de meubles anciens ;<\/li><\/ul>\n\n\n\n<p>alors, n&rsquo;h\u00e9sitez pas \u00e0 <em>nous contacter<\/em> par courriel : Monsieur MEGLOULI :<a href=\"mailto:Miloud.Meglouli@ac-creteil.fr\"> Directeur D\u00e9l\u00e9gu\u00e9 aux Formations Professionnelles et Technologiques<\/a><br>et \u00e0 <em>vous informez<\/em> pour&#8230;<\/p>\n\n\n\n<figure class=\"wp-block-table\"><table><tbody><tr><td><strong> Le Lyc\u00e9e offre la possibilit\u00e9 de faire entretenir et r\u00e9parer son v\u00e9hicule : moto, scooter&#8230; <\/strong><br>La section motocycle sert des prestations dans le cadre de la formation professionnelle. Le champ d&rsquo;intervention est avant tout d&rsquo;ordre p\u00e9dagogique, une attention toute particuli\u00e8re sera port\u00e9e aux r\u00e9parations effectu\u00e9es.<br><br>Bienvenue aux ateliers Moto du lyc\u00e9e !<br><br>Dans le cadre des formations CAP, BAC Pro et BTS motocycles, les \u00e9leves sont amen\u00e9s \u00e0 effectuer des r\u00e9parations et des entretiens sur des v\u00e9hicules. Sur le mod\u00e8le de l&rsquo;entreprise, le programme impose le suivi d&rsquo;interventions de A \u00e0 Z : accueillir et conseiller le client, r\u00e9ceptionner le v\u00e9hicule ;<br>effectuer un diagnostic ;<br>maintenir, d\u00e9panner, r\u00e9parer le v\u00e9hicule ;<br>restituer le v\u00e9hicule au client.<br><strong>Comment faire r\u00e9parer ou entretenir sa moto ?<\/strong><br><em>Nous contacter par mail,<\/em> \u00e0 l&rsquo;adresse : <a href=\"mailto:patrick.hubert@ac-creteil.fr\"><\/a><a href=\"mailto:Miloud.Meglouli@ac-creteil.fr\">Directeur D\u00e9l\u00e9gu\u00e9 aux Formations Professionnelles et Technologiques<\/a><br><br><strong>en pr\u00e9cisant :<\/strong> <strong>la marque, le mod\u00e8le et l&rsquo;ann\u00e9e ;<\/strong><br><strong>une description des travaux \u00e0 effectuer (si vous le savez) ou des probl\u00e8mes constat\u00e9s ;<\/strong><br><strong>en joignant au moins 2 photos du v\u00e9hicule ;<\/strong><br><strong>et vos coordonn\u00e9es.<\/strong><br><strong>Comment s&rsquo;effectue la prise en charge de votre v\u00e9hicule ?<\/strong><br>La prise en charge \u00e9ventuelle d\u00e9pend : de la compatibilit\u00e9 et de la concomitance de l&rsquo;intervention avec les programmes scolaires (CAP, BAC PRO, BTS) ;<br>des capacit\u00e9s de prise en charge aux ateliers.<br>Si l&rsquo;intervention est p\u00e9dagogiquement int\u00e9ressante pour un enseignant, celui-ci vous contactera afin d&rsquo;\u00e9tablir un rendez-vous.<br>La prise en charge se d\u00e9roule durant l&rsquo;ann\u00e9e, hors des cong\u00e9s scolaires. Durant les heures de cours de la classe concern\u00e9e, vous et votre v\u00e9hicule seront pris en charge par l&rsquo;\u00e9quipe \u00e9l\u00e8ves\/enseignant afin d&rsquo;\u00e9tablir un ordre de r\u00e9paration, comme dans un garage.<br>Votre carte grise ainsi qu&rsquo;un certificat d&rsquo;assurance en cours de validit\u00e9 seront demand\u00e9s.<br>Ensuite, un diagnostic et un devis seront effectu\u00e9s.<br>En fonction de l&rsquo;intervention, un autre RDV sera fix\u00e9 pour r\u00e9cup\u00e9rer votre v\u00e9hicule.<br><br><strong>Quels sont les travaux les plus recherch\u00e9s ?<\/strong> montage d&rsquo;accessoires \u00e9lectriques (poign\u00e9es chauffantes ou autre)<br>maintenance sur scooter (vidange, courroie, galets)<br>maintenance moto<br>r\u00e9vision fourche classique ou invers\u00e9 (joint spi, contr\u00f4le)<br>roulement de directions<br>roulement de roues<br>r\u00e9vision du syst\u00e8me de freinage<br>kit chaine<br>contr\u00f4le\/r\u00e9glage jeu soupapes<br>r\u00e9vision distribution<br>r\u00e9vision haut-moteur (moteur simple)<br>contr\u00f4 le syst\u00e8me d&rsquo;allumage\/injection<br>synchronisation carburateur<br>r\u00e9vision embrayage.<br><strong>Vous devez savoir que :<\/strong><br>votre v\u00e9hicule peut ne pas \u00eatre syst\u00e9matiquement retenu ;<br>la dur\u00e9e de prise en charge est beaucoup plus longue que dans un garage ;<br>vous vous chargez de l&rsquo;achat des pi\u00e8ces et fournitures ;<br>une facture vous sera remise attestant tr\u00e8s officiellement la qualit\u00e9 de l&rsquo;intervention. Cette facture se r\u00e9glera exclusivement par ch\u00e8que \u00e0 l&rsquo;ordre du : <em>&#8230;Lyc\u00e9e professionnel J. Brel.<\/em><br><br><strong>Nos \u00e9quipes de la section motocycle :<\/strong> M. Morabito ; M. Saffar ;  M. Ghodssi ; M. Zeljkovic ;<br>M. Bailleux ; M. Sangleboeuf ; M. Delannoy<br><br><a href=\"mailto:patrick.hubert@ac-creteil.fr\"><\/a><a href=\"mailto:Miloud.Meglouli@ac-creteil.fr\">Directeur D\u00e9l\u00e9gu\u00e9 aux Formations Professionnelles et Technologiques<\/a><br>: M. Meglouli, responsable de l&rsquo;enseignement professionnel<br>T\u00e9l. : 01 48 92 99 40<\/td><\/tr><tr><td><strong>Le Lyc\u00e9e offre la possibilit\u00e9 de <em>faire restaurer des meubles anciens<\/em>, ayant ou pas une estampille.<\/strong><br> La section \u00c9b\u00e9nisterie d&rsquo;Art, sp\u00e9cialis\u00e9e en conservation, sert une prestation de qualit\u00e9 et d&rsquo;un grand professionnalisme. Les prestations sont servies dans le cadre de la formation professionnelle des M\u00e9tiers d&rsquo;art, le champ d&rsquo;intervention est avant tout d&rsquo;ordre p\u00e9dagogique.<br><br>Vous pouvez nous rencontrer sur les salons des M\u00e9tiers d&rsquo;Art : au Plateau Briard, \u00e0 Saint-Maur, au Carrousel du Louvre, au Plessis-Tr\u00e9vise&#8230;mais aussi visiter nos ateliers en prenant rendez-vous.<br><br><strong>L&rsquo;atelier Restauration de meubles anciens fait partie de la section \u00e9b\u00e9nisterie du lyc\u00e9e des m\u00e9tiers J. Brel.<\/strong><br>Dans le cadre de la formation compl\u00e9mentaire d&rsquo;initiative locale, les \u00e9tudiants sont amen\u00e9s \u00e0 effectuer des travaux de restauration sp\u00e9cifiques sur du mobilier de style et d&rsquo;\u00e9poque.<br>Nous participons depuis plusieurs ann\u00e9es au concours \u00ab\u00a0Un des Meilleurs Apprentis de France\u00a0\u00bb o\u00f9 nos laur\u00e9ats sont m\u00e9daill\u00e9s d&rsquo;or dans la sp\u00e9cialit\u00e9 Marqueterie.<br><strong>Comment faire restaurer ou entretenir du mobilier ?<\/strong><br><em>Nous contacter par mail :<\/em><br>&#8211; Atelier \u00c9b\u00e9nisterie d&rsquo;art :<a href=\"mailto:Bruno.Rovro@ac-creteil.fr\"> M. Rovro<\/a><br>&#8211; <a href=\"mailto:Miloud.Meglouli@ac-creteil.fr\">Directeur D\u00e9l\u00e9gu\u00e9 aux Formations Professionnelles et Technologiques : M. Meglouli<\/a><br><br><br><strong>en pr\u00e9cisant :<\/strong> le type de mobilier (l&rsquo;\u00e9poque ou style);<br>une description des travaux \u00e0 effectuer ou de la r\u00e9novation souhait\u00e9e ;<br>en joignant au moins 2 photos du meuble ou des parties \u00e0 restaurer ;<br>Vos coordonn\u00e9es.<br><strong>La prise en charge \u00e9ventuelle de votre mobilier d\u00e9pend :<\/strong><br>de la compatibilit\u00e9 de l&rsquo;intervention avec le programme de formation (Formation Compl\u00e9mentaire conservation de meubles anciens);<br>des capacit\u00e9s de prise en charge \u00e0 l&rsquo;atelier de restauration.<br>Si l&rsquo;intervention est p\u00e9dagogiquement int\u00e9ressante, le formateur vous contactera afin d&rsquo;\u00e9tablir un rendez-vous.<br>La prise en charge se d\u00e9roule durant l&rsquo;ann\u00e9e, hors des cong\u00e9s scolaires.Durant les heures de cours votre mobilier sera pris en charge par l&rsquo;\u00e9quipe \u00e9l\u00e8ves\/enseignant.<br>Ensuite, un \u00e9tat du meuble et un devis seront effectu\u00e9s.<br>Durant les travaux le mobilier est assur\u00e9.<br>En fonction de l&rsquo;intervention, un autre RDV sera fix\u00e9 pour r\u00e9cup\u00e9rer votre mobilier.<br>La livraison des meubles est \u00e0 la charge du propri\u00e9taire.<br><br><strong>Quels sont les travaux les plus recherch\u00e9s ?<\/strong> remise en \u00e9tat partielle ou totale : commode, gu\u00e9ridon, coffret, secr\u00e9taire, bureau, table \u00e0 jeux, meuble d&rsquo;appui, buffet ;<br>mobilier historique.<br>Parmi le mobilier, sont exlus : les meubles provinciaux (massif), chaises, luminaires, miroirs.<br><br>Le lyc\u00e9e J. Brel n&rsquo;est pas une entreprise commerciale, sa finalit\u00e9 est la formation professionnelle dans le secteur bois, avec la restauration de meubles anciens, l&rsquo;\u00e9b\u00e9nisterie, la menuiserie. Les prestations permettent \u00e0 des jeunes de parfaire leurs comp\u00e9tences.<br>Une facture vous sera remise attestant la qualit\u00e9 de l&rsquo;intervention conform\u00e9ment au cahier des charges de la Restauration de meubles. Cette facture se r\u00e9glera exclusivement par ch\u00e8que \u00e0 l&rsquo;ordre du : <em>&#8230;Lyc\u00e9e professionnel J. Brel.<\/em><br><br><strong>Vous devez savoir que :<\/strong><br>votre mobilier peut ne pas \u00eatre retenu ;<br>la dur\u00e9e de prise en charge se d\u00e9roule sur l&rsquo;ann\u00e9e scolaire ;<br>vous vous chargez du transport du mobilier.<\/td><\/tr><\/tbody><\/table><\/figure>\n\n\n\n<p>Le lyc\u00e9e J. Brel est en relation avec des entreprises, artisans, concessionnaires, architectes d&rsquo;int\u00e9rieurs, d\u00e9veloppeurs de projets et connait bien les exigences du monde professionnel. Il dispose d&rsquo;un plateau technique de pointe et d&rsquo;enseignants qui connaissent les exigences du march\u00e9 du travail et le respect d&rsquo;une charte qualit\u00e9. Depuis plusieurs ann\u00e9es des entreprises font confiance \u00e0 notre \u00e9tablissement et travaillent en partenariat avec nos \u00e9quipes, elles re\u00e7oivent notamment nos jeunes qui suivent des formations, du CAP au BTS, pour des p\u00e9riodes de stage en milieu professionnel.<br><em>Vous pouvez nous rencontrer :<\/em><br>&#8211; lors de la journ\u00e9e Portes Ouvertes et de la Semaine de l&rsquo;Industrie,<br>&#8211; sur les salons des M\u00e9tiers d&rsquo;Art, et sur certains circuits moto.<br><br><em>Vous pouvez \u00e9galement contacter nos \u00e9quipes et nous rendre visite sur rendez-vous :<\/em><br><br>Lyc\u00e9e des m\u00e9tiers Jacques BREL<br>90\/100 Avenue d&rsquo;Alfortville<br>94600 Choisy-Le-Roi<br>T\u00e9l.: 01 48 92 99 40<br>Fax: 01 48 92 99 43<\/p>\n","protected":false},"excerpt":{"rendered":"<p>Le lyc\u00e9e J. Brel, \u00e0 la fois lyc\u00e9e d&rsquo;enseignement professionnel et lyc\u00e9e des m\u00e9tiers, sert des prestations \u00e0 toute personne souhaitant faire appel \u00e0 ses comp\u00e9tences techniques pour divers travaux et projets. Le cadre est d&rsquo;abord d&rsquo;ordre p\u00e9dagogique et implique la faisabilit\u00e9 technique pour des \u00e9l\u00e8ves en formation ainsi que le respect du temps d&rsquo;intervention &hellip; <a href=\"https:\/\/www.jbrel94.fr\/old\/prestations\/\" class=\"more-link\">Continuer la lecture de <span class=\"screen-reader-text\">Prestations<\/span>  <span class=\"meta-nav\">&rarr;<\/span><\/a><\/p>\n","protected":false},"author":1,"featured_media":0,"parent":0,"menu_order":0,"comment_status":"closed","ping_status":"closed","template":"","meta":{"footnotes":""},"class_list":["post-266","page","type-page","status-publish","hentry"],"_links":{"self":[{"href":"https:\/\/www.jbrel94.fr\/old\/wp-json\/wp\/v2\/pages\/266","targetHints":{"allow":["GET"]}}],"collection":[{"href":"https:\/\/www.jbrel94.fr\/old\/wp-json\/wp\/v2\/pages"}],"about":[{"href":"https:\/\/www.jbrel94.fr\/old\/wp-json\/wp\/v2\/types\/page"}],"author":[{"embeddable":true,"href":"https:\/\/www.jbrel94.fr\/old\/wp-json\/wp\/v2\/users\/1"}],"replies":[{"embeddable":true,"href":"https:\/\/www.jbrel94.fr\/old\/wp-json\/wp\/v2\/comments?post=266"}],"version-history":[{"count":3,"href":"https:\/\/www.jbrel94.fr\/old\/wp-json\/wp\/v2\/pages\/266\/revisions"}],"predecessor-version":[{"id":285,"href":"https:\/\/www.jbrel94.fr\/old\/wp-json\/wp\/v2\/pages\/266\/revisions\/285"}],"wp:attachment":[{"href":"https:\/\/www.jbrel94.fr\/old\/wp-json\/wp\/v2\/media?parent=266"}],"curies":[{"name":"wp","href":"https:\/\/api.w.org\/{rel}","templated":true}]}}