{"id":57,"date":"2021-01-25T21:28:48","date_gmt":"2021-01-25T20:28:48","guid":{"rendered":"http:\/\/localhost\/jbrel94\/?page_id=57"},"modified":"2021-01-26T21:14:30","modified_gmt":"2021-01-26T20:14:30","slug":"lycee-intendence","status":"publish","type":"page","link":"https:\/\/www.jbrel94.fr\/old\/lycee-intendence\/","title":{"rendered":"Lyc\u00e9e : Intendence"},"content":{"rendered":"\n<p><strong>HORAIRES D\u2019ACC\u00c8S<\/strong><br><br>Tous les jours de 8h00 \u00e0 12h30.<br>Ouverture des bureaux pour la demi-pension :<br>&#8211; Tous les jours de 9h00 \u00e0 12h30<br>&#8211; Distribution des autorisations de passage en cas de repas non r\u00e9serv\u00e9, carte perdue, carte oubli\u00e9e\u2026<br>A l&rsquo;intendance uniquement de 12h00 \u00e0 12h15 pour le premier service<br>13h00 \u00e0 13h15 pour le second service<br><br><strong>DEMI-PENSION<\/strong><br><br>L&rsquo;acc\u00e8s au self se fera au moyen d&rsquo;une carte magn\u00e9tique avec pr\u00e9-paiement et syst\u00e8me de r\u00e9servation. Cette ann\u00e9e aussi, 2 services sont pr\u00e9vus. La demi-pension d\u00e9butera au d\u00e9but de la reprise effective des cours.<br><br>Informations au niveau de la demi-pension des \u00e9l\u00e8ves :<br>Les aides r\u00e9gionales \u00e0 la demi-pension, au vu des documents demand\u00e9s \u00e0 l&rsquo;inscription, sont d\u00e9j\u00e0 mises en place. Au besoin, d&rsquo;autres aides pourront \u00eatre accord\u00e9es, il faudra se renseigner aupr\u00e8s de l&rsquo;assistante sociale.<br>Une bo\u00eete aux lettres est disponible \u00e0 l&rsquo;Intendance pour le d\u00e9p\u00f4t des ch\u00e8ques de cantine (inscrire au dos du ch\u00e8que Nom Pr\u00e9nom et n\u00b0 de carte de l&rsquo;\u00e9l\u00e8ve).<br>Pour les encaissements en esp\u00e8ce se pr\u00e9senter \u00e0 l&rsquo;Intendance uniquement de 9h45 \u00e0 10h15.<br>RAPPEL : La r\u00e9servation des repas est obligatoire.<br>Elle peut \u00eatre effectu\u00e9e la veille \u00e0 partir de 14h00 et ce jusqu&rsquo;\u00e0 10h30 le jour m\u00eame.<br><br><a rel=\"noreferrer noopener\" href=\"http:\/\/www.jbrel94.fr\/pdf\/Reglement_et_Fonctionnement_DP.pdf\" target=\"_blank\"><strong>R\u00c8GLEMENT<\/strong> ET FONCTIONNEMENT DE LA DEMI-PENSION<\/a><br><br><strong>CORRESPONDANT PAYE<\/strong><br><br>Pour les questions de carri\u00e8re, informations paye ( changement de RIB, prise en charge des frais de transport, information retraite\u2026) il faudra s&rsquo;adresser \u00e0 l&rsquo;Intendance. <strong>LES FOURNITURES<\/strong><br><br>Les commandes (imprim\u00e9 ci-joint) devront \u00eatre transmises au coordonnateur de la discipline qui les regroupera et les remettra \u00e0 l&rsquo;Intendance. Des catalogues sont \u00e0 votre disposition. Le coordonateur sera inform\u00e9 de la livraison pour v\u00e9rification et retrait de la marchandise (au besoin aid\u00e9 par un O\/P.).<br><br><strong>PARTICIPATION DES REMBOURSEMENTS DES FRAIS DE STAGES EN ENTREPRISE<\/strong><br><br>Pour les enseignants, le remboursement s&rsquo;effectue sur la base des distances kilom\u00e9triques. L&rsquo;ordre de mission ainsi qu&rsquo;un RIB doivent \u00eatre remis \u00e0 l&rsquo;Intendance.<br>Pour les \u00e9l\u00e8ves, le professeur devra r\u00e9unir les demandes accompagn\u00e9es des pi\u00e8ces et remettre le tout \u00e0 l&rsquo;Intendance pour la fin du mois de stage. Le d\u00e9lai est imp\u00e9ratif.<br><br><strong>GESTION MAT\u00c9RIELLE<\/strong><br><br>Un cahier de suivi sera mis \u00e0 disposition \u00e0 la loge pour enregistrer les probl\u00e8mes.<\/p>\n","protected":false},"excerpt":{"rendered":"<p>HORAIRES D\u2019ACC\u00c8S Tous les jours de 8h00 \u00e0 12h30.Ouverture des bureaux pour la demi-pension :&#8211; Tous les jours de 9h00 \u00e0 12h30&#8211; Distribution des autorisations de passage en cas de repas non r\u00e9serv\u00e9, carte perdue, carte oubli\u00e9e\u2026A l&rsquo;intendance uniquement de 12h00 \u00e0 12h15 pour le premier service13h00 \u00e0 13h15 pour le second service DEMI-PENSION L&rsquo;acc\u00e8s &hellip; <a href=\"https:\/\/www.jbrel94.fr\/old\/lycee-intendence\/\" class=\"more-link\">Continuer la lecture de <span class=\"screen-reader-text\">Lyc\u00e9e : Intendence<\/span>  <span class=\"meta-nav\">&rarr;<\/span><\/a><\/p>\n","protected":false},"author":1,"featured_media":0,"parent":0,"menu_order":0,"comment_status":"closed","ping_status":"closed","template":"","meta":{"footnotes":""},"class_list":["post-57","page","type-page","status-publish","hentry"],"_links":{"self":[{"href":"https:\/\/www.jbrel94.fr\/old\/wp-json\/wp\/v2\/pages\/57","targetHints":{"allow":["GET"]}}],"collection":[{"href":"https:\/\/www.jbrel94.fr\/old\/wp-json\/wp\/v2\/pages"}],"about":[{"href":"https:\/\/www.jbrel94.fr\/old\/wp-json\/wp\/v2\/types\/page"}],"author":[{"embeddable":true,"href":"https:\/\/www.jbrel94.fr\/old\/wp-json\/wp\/v2\/users\/1"}],"replies":[{"embeddable":true,"href":"https:\/\/www.jbrel94.fr\/old\/wp-json\/wp\/v2\/comments?post=57"}],"version-history":[{"count":2,"href":"https:\/\/www.jbrel94.fr\/old\/wp-json\/wp\/v2\/pages\/57\/revisions"}],"predecessor-version":[{"id":247,"href":"https:\/\/www.jbrel94.fr\/old\/wp-json\/wp\/v2\/pages\/57\/revisions\/247"}],"wp:attachment":[{"href":"https:\/\/www.jbrel94.fr\/old\/wp-json\/wp\/v2\/media?parent=57"}],"curies":[{"name":"wp","href":"https:\/\/api.w.org\/{rel}","templated":true}]}}