{"id":60,"date":"2021-01-25T21:28:48","date_gmt":"2021-01-25T20:28:48","guid":{"rendered":"http:\/\/localhost\/jbrel94\/?page_id=60"},"modified":"2021-01-26T21:20:34","modified_gmt":"2021-01-26T20:20:34","slug":"vie-scolaire-horaires","status":"publish","type":"page","link":"https:\/\/www.jbrel94.fr\/old\/vie-scolaire-horaires\/","title":{"rendered":"Vie Scolaire : Horaires"},"content":{"rendered":"\n<p>Les portes du lyc\u00e9e sont ouvertes \u00e0 7h45.<\/p>\n\n\n\n<p>Les cours sont dispens\u00e9s de 8hOO \u00e0 18h00 le lundi, mardi, jeudi, et de 8h00 \u00e0 17h00 le mercredi et vendredi.<\/p>\n\n\n\n<p>Les cours respectent les horaires suivants :<\/p>\n\n\n\n<figure class=\"wp-block-table\"><table><tbody><tr><td><strong>Matin<\/strong><\/td><td><\/td><td><strong>Apr\u00e8s-midi<\/strong><\/td><\/tr><tr><td>Cours M1<\/td><td>08h05 &#8211; 09h00<\/td><td>Cours S1<\/td><td>13h00 &#8211; 13h55<\/td><\/tr><tr><td>Cours M2<\/td><td>09h00 &#8211; 09h55<\/td><td>Cours S2<\/td><td>13h55 &#8211; 14h50<\/td><\/tr><tr><td>R\u00e9cr\u00e9ation<\/td><td>09h55 &#8211; 10h10<\/td><td>R\u00e9cr\u00e9ation<\/td><td>14h50 &#8211; 15h05<\/td><\/tr><tr><td>Cours M3<\/td><td>10h15 &#8211; 11h10<\/td><td>Cours S3<\/td><td>15h05 &#8211; 16h00<\/td><\/tr><tr><td>Cours M4<\/td><td>11h10 &#8211; 12h05<\/td><td>Cours S4<\/td><td>16h00 &#8211; 16h55<\/td><\/tr><tr><td>Cours M5<\/td><td>12h05 &#8211; 13h00<\/td><td>Cours S5<\/td><td>16h55 &#8211; 17h50<\/td><\/tr><\/tbody><\/table><\/figure>\n\n\n\n<p><strong>Le service de demi-pension (cantine scolaire) est ouvert de 12h00 \u00e0 13h00 et de 13h00 \u00e0 14h00 tous les jours, du lundi au vendredi.<\/strong><\/p>\n","protected":false},"excerpt":{"rendered":"<p>Les portes du lyc\u00e9e sont ouvertes \u00e0 7h45. Les cours sont dispens\u00e9s de 8hOO \u00e0 18h00 le lundi, mardi, jeudi, et de 8h00 \u00e0 17h00 le mercredi et vendredi. Les cours respectent les horaires suivants : Matin Apr\u00e8s-midi Cours M1 08h05 &#8211; 09h00 Cours S1 13h00 &#8211; 13h55 Cours M2 09h00 &#8211; 09h55 Cours S2 &hellip; <a href=\"https:\/\/www.jbrel94.fr\/old\/vie-scolaire-horaires\/\" class=\"more-link\">Continuer la lecture de <span class=\"screen-reader-text\">Vie Scolaire : Horaires<\/span>  <span class=\"meta-nav\">&rarr;<\/span><\/a><\/p>\n","protected":false},"author":1,"featured_media":0,"parent":0,"menu_order":0,"comment_status":"closed","ping_status":"closed","template":"","meta":{"footnotes":""},"class_list":["post-60","page","type-page","status-publish","hentry"],"_links":{"self":[{"href":"https:\/\/www.jbrel94.fr\/old\/wp-json\/wp\/v2\/pages\/60","targetHints":{"allow":["GET"]}}],"collection":[{"href":"https:\/\/www.jbrel94.fr\/old\/wp-json\/wp\/v2\/pages"}],"about":[{"href":"https:\/\/www.jbrel94.fr\/old\/wp-json\/wp\/v2\/types\/page"}],"author":[{"embeddable":true,"href":"https:\/\/www.jbrel94.fr\/old\/wp-json\/wp\/v2\/users\/1"}],"replies":[{"embeddable":true,"href":"https:\/\/www.jbrel94.fr\/old\/wp-json\/wp\/v2\/comments?post=60"}],"version-history":[{"count":2,"href":"https:\/\/www.jbrel94.fr\/old\/wp-json\/wp\/v2\/pages\/60\/revisions"}],"predecessor-version":[{"id":254,"href":"https:\/\/www.jbrel94.fr\/old\/wp-json\/wp\/v2\/pages\/60\/revisions\/254"}],"wp:attachment":[{"href":"https:\/\/www.jbrel94.fr\/old\/wp-json\/wp\/v2\/media?parent=60"}],"curies":[{"name":"wp","href":"https:\/\/api.w.org\/{rel}","templated":true}]}}